ided by 15585.
85
Calculate the remainder when 12926000 is divided by 923283.
38
What is the remainder when 4603971 is divided by 25019?
475
Calculate the remainder when 1393700 is divided by 93.
2
What is the remainder when 114782 is divided by 12440?
2822
What is the remainder when 115365 is divided by 38323?
396
What is the remainder when 23243 is divided by 305?
63
What is the remainder when 13065765 is divided by 9700?
9565
What is the remainder when 306363 is divided by 101991?
390
What is the remainder when 21423695 is divided by 24?
23
What is the remainder when 487486 is divided by 504?
118
What is the remainder when 4766238 is divided by 183?
3
What is the remainder when 138877 is divided by 6605?
172
Calculate the remainder when 331796 is divided by 11849.
24
Calculate the remainder when 15199061 is divided by 8.
5
What is the remainder when 3236732 is divided by 647009?
1687
Calculate the remainder when 334108330 is divided by 752.
746
Calculate the remainder when 6230583 is divided by 241.
10
Calculate the remainder when 758869 is divided by 1440.
1429
Calculate the remainder when 1021365 is divided by 3974.
47
What is the remainder when 54040436 is divided by 372?
368
What is the remainder when 341144 is divided by 17024?
664
Calculate the remainder when 5270653 is divided by 1723.
1719
Calculate the remainder when 1901384 is divided by 465.
464
What is the remainder when 1434749 is divided by 1295?
1184
Calculate the remainder when 3003800 is divided by 74.
66
Calculate the remainder when 1303312 is divided by 761.
480
What is the remainder when 2224575 is divided by 278067?
39
What is the remainder when 8955687 is divided by 1740?
1647
Calculate the remainder when 18690 is divided by 875.
315
What is the remainder when 31819984 is divided by 11?
9
Calculate the remainder when 354406 is divided by 7.
3
Calculate the remainder when 4617940 is divided by 4617761.
179
Calculate the remainder when 5406375 is divided by 978.
969
What is the remainder when 121016 is divided by 40267?
215
What is the remainder when 654246 is divided by 259?
12
Calculate the remainder when 9203051 is divided by 9203035.
16
What is the remainder when 652112 is divided by 50161?
19
Calculate the remainder when 4617752 is divided by 46.
42
What is the remainder when 8067659 is divided by 44?
39
Calculate the remainder when 2150784 is divided by 119480.
144
What is the remainder when 77367315 is divided by 25789102?
9
What is the remainder when 249570736 is divided by 674?
668
What is the remainder when 47766 is divided by 770?
26
Calculate the remainder when 2209348 is divided by 315620.
8
What is the remainder when 202164 is divided by 100223?
1718
What is the remainder when 5495528 is divided by 6519?
11
Calculate the remainder when 6644653 is divided by 12.
1
Calculate the remainder when 8394089 is divided by 1049259.
17
Calculate the remainder when 40817 is divided by 1461.
1370
What is the remainder when 772571 is divided by 4592?
1115
Calculate the remainder when 2531621 is divided by 785.
781
Calculate the remainder when 8654 is divided by 1010.
574
What is the remainder when 29946339 is divided by 148?
19
Calculate the remainder when 16972396 is divided by 6.
4
What is the remainder when 3038743 is divided by 335?
293
Calculate the remainder when 88231 is divided by 28708.
2107
What is the remainder when 56826435 is divided by 237?
234
What is the remainder when 94607 is divided by 7273?
58
What is the remainder when 62343349 is divided by 55515?
4
What is the remainder when 302700 is divided by 13981?
9099
What is the remainder when 4541991 is divided by 362?
339
What is the remainder when 6881733 is divided by 303?
300
What is the remainder when 17564198 is divided by 1325?
1323
Calculate the remainder when 3265014 is divided by 271.
6
What is the remainder when 12995768 is divided by 185?
73
What is the remainder when 1685105 is divided by 15319?
15
Calculate the remainder when 1936556 is divided by 66777.
23
Calculate the remainder when 27489 is divided by 1058.
1039
Calculate the remainder when 140834 is divided by 5628.
134
What is the remainder when 326267 is divided by 1885?
162
What is the remainder when 9552776 is divided by 60?
56
Calculate the remainder when 857134 is divided by 213392.
3566
Calculate the remainder when 677795 is divided by 338847.
101
Calculate the remainder when 1021725023 is divided by 16.
15
Calculate the remainder when 2044004 is divided by 1096.
1060
What is the remainder when 329045 is divided by 188?
45
What is the remainder when 1728500 is divided by 289?
280
Calculate the remainder when 516543 is divided by 936.
807
What is the remainder when 1020180 is divided by 340058?
6
What is the remainder when 12399632 is divided by 5324?
36
What is the remainder when 1744916 is divided by 38?
32
Calculate the remainder when 1982944 is divided by 6377.
6074
What is the remainder when 1579382 is divided by 505?
247
Calculate the remainder when 411449 is divided by 421.
132
Calculate the remainder when 377967 is divided by 188873.
221
Calculate the remainder when 1120097 is divided by 335.
192
Calculate the remainder when 245583 is divided by 106.
87
Calculate the remainder when 14631342 is divided by 3657818.
70
What is the remainder when 2265388 is divided by 292?
52
Calculate the remainder when 7654658 is divided by 150.
8
Calculate the remainder when 23464 is divided by 1520.
664
What is the remainder when 9273828 is divided by 7015?
7013
Calculate the remainder when 240043 is divided by 59464.
2187
Calculate the remainder when 51111 is divided by 6055.
2671
Calculate the remainder when 198720 is divided by 4516.
16
Calculate the remainder when 11940 is divided by 3517.
1389
What is the remainder when 2373084 is divided by 33421?
193
What is the remainder when 48220426 is divided by 328030?
16
What is the remainder when 467662 is divided by 7306?
78
What is the remainder when 1327625 is divided by 189583?
544
Calculate the remainder when 184010 is divided by 2715.
2105
What is the remainder when 4871818 is divided by 30?
28
Calculate the remainder when 1957308 is divided by 93159.
969
What is the remainder when 58424 is divided by 161?
142
What is the remainder when 47868 is divided by 2153?
502
Calculate the remainder when 63568 is divided by 580.
348
What is the remainder when 569472 is divided by 1233?
1059
Calculate the remainder when 11070041 is divided by 2767483.
109
Calculate the remainder when 719446 is divided by 2901.
2899
Calculate the remainder when 27500877 is divided by 22.
19
Calculate the remainder when 573483 is divided by 884.
651
What is the remainder when 29221 is divided by 8655?
3256
Calculate the remainder when 4256591 is divided by 420.
311
What is the remainder when 66111 is divided by 5933?
848
Calculate the remainder when 314911 is divided by 6701.
6665
Calculate the remainder when 2360381 is divided by 786747.
140
What is the remainder when 4736016 is divided by 73?
68
What is the remainder when 26169 is divided by 1703?
624
Calculate the remainder when 518468272 is divided by 1294.
1292
What is the remainder when 84761 is divided by 22?
17
Calculate the remainder when 194900 is divided by 6493.
110
What is the remainder when 1065190 is divided by 55?
5
Calculate the remainder when 664918379 is divided by 1305.
1304
Calculate the remainder when 26184598 is divided by 335.
328
What is the remainder when 443069411 is divided by 55383675?
11
Calculate the remainder when 23353140 is divided by 37.
35
Calculate the remainder when 9185458 is divided by 3061596.
670
Calculate the remainder when 18722812 is divided by 29.
6
What is the remainder when 1064233 is divided by 32248?
49
Calculate the remainder when 6209790 is divided by 19.
1
Calculate the remainder when 367649 is divided by 122177.
1118
What is the remainder when 2113598 is divided by 176132?
14
What is the remainder when 21459961 is divided by 152?
145
Calculate the remainder when 139912 is divided by 9989.
66
Calculate the remainder when 513568 is divided by 171175.
43
What is the remainder when 167048066 is divided by 83524027?
12
Calculate the remainder when 2583600 is divided by 151974.
42
Calculate the remainder when 601493